 7*i**3/6 + 25*i**2. Let a be v(3). Calculate the greatest common divisor of 91 and a.
13
Suppose 0 = -4*v - 4*w + 8, v + 0*v - w - 8 = 0. Let m be 8 - 0/((-12)/4). Let i be -20*(6/m)/(-3). Calculate the greatest common divisor of v and i.
5
Suppose -27*s + 150 = -12*s. Calculate the highest common divisor of 20 and s.
10
Let h = 139 + -201. Let n be 2/6 + (-424)/12. Let v = n - h. Calculate the greatest common divisor of v and 108.
27
Let p = 104 + -26. Let v(z) = -z**2 + 5*z + 3. Let a be v(5). Suppose -3*x = -a*f - 36, -2*f - 2 = 2*x - 30. What is the greatest common factor of x and p?
13
Let q(u) = 3*u**3 - 2*u**2 + 1. Let w be q(1). Let c(o) = 16*o**3 - 4*o**2 + 4*o - 3. Let t be c(w). What is the greatest common factor of 13 and t?
13
Let t = -4 + -14. Let s = t + 103. Calculate the greatest common divisor of 34 and s.
17
Let k be (-94)/(-4) + 4/8. What is the highest common divisor of k and 84?
12
Let a be (-3)/9 + 1767/9. Calculate the greatest common divisor of 84 and a.
28
Let x = -207 - -276. What is the highest common factor of 667 and x?
23
Suppose -5*s - 81 = -a + 57, -2*a + 2*s + 268 = 0. What is the highest common divisor of a and 38?
19
Let p be ((-574)/(-6) - -2) + 4/12. Let r = p + -42. Calculate the highest common divisor of r and 8.
8
Suppose -21*f + 2700 = -15*f. What is the highest common divisor of 45 and f?
45
Let n = 40 + -38. Let c be 127/n + ((-9)/(-2))/9. Calculate the greatest common factor of 16 and c.
16
Suppose -14*o + 443 = -439. What is the greatest common factor of o and 357?
21
Suppose -13*u = -562 - 608. Calculate the greatest common divisor of u and 18.
18
Let r(p) = 19*p**2 - 2*p + 1. Let s be r(-2). Let x = 29 + -29. Suppose a = -3*a - 4*b + 24, x = 2*a - 3*b - 27. What is the greatest common factor of a and s?
9
Let l be 20/6*3*2. Calculate the highest common factor of 190 and l.
10
Let g = -69 - -73. Let m = -12 + 17. Suppose 3*y + c - 91 = 0, -y + 103 = 3*y + m*c. Calculate the highest common factor of y and g.
4
Let i = -1681 + 2906. Calculate the greatest common factor of i and 7.
7
Let y = -51 + 186. Calculate the highest common factor of y and 27.
27
Let j = -27 - -81. Suppose -4*i = -246 + j. Calculate the greatest common factor of 32 and i.
16
Let v(m) = 37*m**2 + 3*m + 1. Let u be v(1). Calculate the highest common factor of 779 and u.
41
Suppose 87 + 88 = 5*n. Let o be 555/9 + n/(-21). What is the greatest common factor of o and 20?
20
Let i = 50 - -632. What is the highest common divisor of i and 62?
62
Let x be (-2)/5 + 10668/70 + 2. Calculate the highest common divisor of 22 and x.
22
Let t be 8326/184 + 10/(-8). Calculate the highest common factor of t and 11.
11
Let n = -19 + 45. Suppose 22 = 4*x - n. Let i(b) = 34*b - 132. Let s be i(4). What is the highest common factor of s and x?
4
Let k be 1/3 - (-168)/36. Suppose k*s + 0*s + 15 = 0, 5*g - s = 113. Calculate the greatest common factor of 242 and g.
22
Let v = 43 + -5. Let c be (66 + 0)/(57/v). Suppose b - q - 119 = -3*b, 5*q + c = b. Calculate the highest common divisor of b and 87.
29
Suppose -5*z - 3*z + 32 = 0. Suppose z*o + 3*k - 27 - 9 = 0, 0 = 3*o - 2*k - 10. Let q = 17 - -25. Calculate the greatest common divisor of q and o.
6
Suppose -2*v + 4*o = -24, 5*v - 66 = 11*o - 7*o. What is the greatest common factor of 469 and v?
7
Let i be 13/(-3) + (-1320)/(-72). Let u = 72 - 29. Suppose 41 = 2*t - u. Calculate the greatest common divisor of i and t.
14
Suppose 5*w = 208 - 163. Let t(k) = 6*k - 44. Let h be t(w). Calculate the highest common factor of 10 and h.
10
Suppose -3*u + 5*o = -86, -u = 3*o - 11 - 41. Calculate the greatest common factor of 37 and u.
37
Let k = 1 - 0. Let b be (k - 0)/(3/18). Let j be 1 + 12/2 + (-30)/5. What is the greatest common divisor of j and b?
1
Suppose -x + 26 = -0*x. Let i be (-1)/(-3*2/264). Suppose -i = -4*l + 8. What is the greatest common factor of l and x?
13
Suppose -2*r + 2 = 0, -3*r + 63 = 2*g + 3*g. Suppose 12 = 15*v - g*v. What is the highest common divisor of 44 and v?
4
Suppose z + 23 - 43 = -2*l, 3*l - 39 = -2*z. Let c(p) = 2*p**2 + 6*p + 1. Let s be c(-4). Calculate the highest common factor of z and s.
9
Suppose -24 + 4 = -5*t. Suppose -3 + 23 = t*l. Let m be (3 + 414/15)*l. What is the highest common divisor of m and 17?
17
Let j be -86*(4 - 18/4). Let c = j - -45. Suppose -6*w + 10*w - c = 0. What is the highest common divisor of 55 and w?
11
Suppose -5*d + 145 + 1430 = 0. Calculate the highest common divisor of d and 35.
35
Suppose 5*n = -6*n + 253. Let h = n + -21. What is the highest common divisor of 18 and h?
2
Suppose -4*u + 1 = -19. Suppose 538 = 4*y - y - 4*c, 0 = y - u*c - 172. Calculate the highest common divisor of y and 26.
26
Let q = -19 + 30. Let l(p) = -13*p + 10. Let v be l(-6). Calculate the highest common divisor of v and q.
11
Suppose -1 = -4*i + 7. Suppose -i*v + 7 = -61. What is the highest common divisor of v and 51?
17
Suppose -3*o - 27 = -6*o. Suppose -56*w = -59*w. Let b(a) = -a**3 + a**2 + 2*a + 9. Let t be b(w). Calculate the highest common divisor of o and t.
9
Let j(s) = -s**2 - 3*s + 8. Let u be j(-6). Suppose k - 2 + 9 = 0. Let w be (u - (-3 - k))*-8. Calculate the highest common divisor of w and 14.
14
Let b(x) = x**2 + 43*x - 212. Let g be b(5). What is the greatest common divisor of 63 and g?
7
Suppose 0 = l - 8*l + 378. Calculate the greatest common factor of l and 6.
6
Let m(g) = 4*g**3 - 3*g**2 + 4*g - 5. Let u be m(2). Let s = 32 - u. Let c be s/45 - (-27)/15. What is the highest common divisor of 10 and c?
2
Let w(p) = -15*p**3 + 3*p**2 + 2*p. Let i be w(-1). Calculate the greatest common divisor of 128 and i.
16
Let o(p) = -3 - 7*p + 2 + 1 - 2. Let b be o(2). Let r be (4 - 10)/(6/b). Calculate the highest common divisor of r and 16.
16
Suppose s + 33 = 2*n - 2*s, -n = -5*s - 13. Suppose -n = -j + 4. What is the highest common factor of 77 and j?
11
Suppose c = 17 - 4. Calculate the highest common factor of c and 130.
13
Let u = -26 - -66. Suppose 3*s - 11*s = -40. Let a be (-49)/(-5) + s/25. What is the highest common factor of a and u?
10
Suppose 3*q - 339 = 2*q. Suppose -5*v + 2*v = -3*x - q, 3*x = 2*v - 222. Let p = -44 + 57. What is the highest common divisor of v and p?
13
Let t = -161 - -521. Calculate the highest common factor of t and 12.
12
Suppose 4*b - 50 = 4*c + 2*b, -5*c + 4*b = 70. Let i be 6/c + -2*3459/(-30). Calculate the highest common divisor of i and 23.
23
Suppose -16*d + 396 = -132. Calculate the highest common divisor of 24 and d.
3
Suppose -5*l + 6 = -4*y - 4, -3*l = 3*y - 6. Suppose y*v + 255 = 17*v. What is the greatest common divisor of 15 and v?
15
Let n(l) be the second derivative of -3*l**3/2 - 2*l**2 + 8*l. Let v be n(-2). What is the greatest common factor of 42 and v?
14
Suppose 2*m = 4*h - 170, -2*m - 143 = -0*m + 5*h. Let o = -34 - m. Calculate the highest common divisor of 45 and o.
45
Suppose -23*u + 1228 - 170 = 0. What is the highest common factor of u and 230?
46
Let n be (-7480)/1020*(-810)/33. Suppose 0 = -2*v - 3*v - 5*l + 85, 2*l - 94 = -5*v. Calculate the highest common factor of v and n.
20
Let g = 7 + -3. Let s = -8 - g. Let x = 67 + s. What is the highest common divisor of x and 22?
11
Let i = 149 + -63. Let q be 2/8 + i/8. Calculate the greatest common divisor of q and 33.
11
Let c = 22 + -18. Suppose 0 = x - 15 + 3. Calculate the highest common factor of c and x.
4
Let j be ((-50)/15 - -7)*30. What is the highest common divisor of j and 30?
10
Let b = -529 + 541. What is the greatest common factor of 36 and b?
12
Let h(r) = -23*r**3 + 2*r**2 - 4*r + 2. Let v be h(2). Let k = v - -303. What is the greatest common divisor of k and 11?
11
Suppose 0 = g + 12 - 9. Let l be 216/42*(-14)/g. What is the highest common divisor of 240 and l?
24
Let w(i) = 20*i - 30. Let c be w(2). Let m = -36 + 116. Calculate the greatest common factor of m and c.
10
Let v = -507 - -511. What is the highest common divisor of 94 and v?
2
Suppose -2*k = -3*g - 116, 143 + 109 = 4*k - g. Suppose -3*d + 8 = -k. Let h = d - 14. Calculate the greatest common divisor of 30 and h.
10
Suppose -6*n + n = 0. Suppose -23*b + 6*b + 2550 = n. Calculate the highest common factor of b and 50.
50
Let u be ((-2)/3)/(6/(-135)). Supp